{"id":66335,"date":"2026-04-08T10:32:29","date_gmt":"2026-04-08T09:32:29","guid":{"rendered":"https:\/\/uksw.edu.pl\/?post_type=badania_i_nauka&#038;p=66335"},"modified":"2026-04-08T10:32:29","modified_gmt":"2026-04-08T09:32:29","slug":"dr-rafal-solecki-powolany-do-spolecznej-rady-ochrony-dziedzictwa-kulturowego","status":"publish","type":"badania_i_nauka","link":"https:\/\/uksw.edu.pl\/en\/badania-i-nauka\/dr-rafal-solecki-powolany-do-spolecznej-rady-ochrony-dziedzictwa-kulturowego\/","title":{"rendered":"Dr Rafa\u0142 Solecki powo\u0142any do Spo\u0142ecznej Rady Ochrony Dziedzictwa Kulturowego."},"content":{"rendered":"\n<h2 class=\"wp-block-heading\">Dr. Rafa\u0142a Soleckiego z Instytutu Archeologii UKSW rekomendowa\u0142o do Rady kadencji 2026-2030 Stowarzyszenie Naukowe Archeolog\u00f3w Polskich.<\/h2>\n\n\n\n<p>Powo\u0142ania do Spo\u0142ecznej Rady Ochrony Dziedzictwa Kulturowego przy Prezydencie Miasta Sto\u0142ecznego Warszawy wr\u0119czy\u0142 w siedzibie Biura Sto\u0142ecznego Konserwatora Zabytk\u00f3w Micha\u0142 Krasucki, Sto\u0142eczny Konserwator Zabytk\u00f3w. <\/p>\n\n\n\n<figure class=\"wp-block-image\"><a class=\"description-img article-image-magnifier\" href=\"https:\/\/um.warszawa.pl\/documents\/63122\/156672342\/Rada+rodzinne.jpg\/be9f0408-afd6-17fe-c23f-b5c6e7a1a140?version=1.0&amp;t=1775050945397&amp;imagePreview=1\"><img decoding=\"async\" src=\"https:\/\/um.warszawa.pl\/documents\/63122\/156672342\/Rada+rodzinne.jpg\/be9f0408-afd6-17fe-c23f-b5c6e7a1a140?version=1.0&amp;t=1775050945397&amp;imagePreview=1\" alt=\"Rada Ochrony Dziedzictwa Kulturowego kadencji 2026-30\" \/><\/a><figcaption class=\"wp-element-caption\">Rada Ochrony Dziedzictwa Kulturowego kadencji 2026\/2030<\/figcaption><\/figure>\n\n\n\n<p>Spo\u0142eczna Rada Ochrony Dziedzictwa Kulturowego przy Prezydencie Miasta Sto\u0142ecznego Warszawy jest cia\u0142em opiniodawczym i pomocniczym dla Prezydenta Miasta Sto\u0142ecznego Warszawy. W sk\u0142ad Rady wchodz\u0105 przedstawiciele uczelni oraz organizacji pozarz\u0105dowych i zawodowych dzia\u0142aj\u0105cych na rzecz ochrony zabytk\u00f3w. Cz\u0142onk\u00f3w Rady powo\u0142uje Prezydent na okres 4 lat.<\/p>\n\n\n\n<p>Do zakresu dzia\u0142ania Rady nale\u017cy opiniowanie: podstawowych za\u0142o\u017ce\u0144 programowych oraz metod realizacji zada\u0144 w dziedzinie ochrony dziedzictwa kulturowego Warszawy, dokument\u00f3w dotycz\u0105cych planowania przestrzennego oraz form ochrony zabytk\u00f3w, wytycznych konserwatorskich do konkurs\u00f3w architektonicznych i rze\u017abiarskich na koncepcje pomnik\u00f3w, miejskich inwestycji o znaczeniu ponadlokalnym, w\u0142\u0105czania oraz wy\u0142\u0105czania wybranych obiekt\u00f3w z gminnej ewidencji zabytk\u00f3w i innych spraw zg\u0142oszonych przez Prezydenta z zakresu ochrony dziedzictwa kulturowego Warszawy.<\/p>\n\n\n\n<p><strong>Dr Rafa\u0142 Solecki<\/strong> &#8211; archeolog, absolwent Instytutu Archeologii Uniwersytetu Warszawskiego oraz Instytutu Archeologii i Etnologii Polskiej Akademii Nauk (doktor nauk humanistycznych, rocznik 2016). Od 2016 roku zatrudniony na Uniwersytecie Kardyna\u0142a Stefana Wyszy\u0144skiego w Instytucie Archeologii.\u00a0Specjalista w zakresie archeologicznych bada\u0144 wykopaliskowych z 20-letnim do\u015bwiadczeniem terenowym, zdobytym na stanowiskach w Polsce i zagranic\u0105 (Niemcy, Bu\u0142garia, Chorwacja, Liban). Cz\u0142onek Stowarzyszenia Naukowego Archeolog\u00f3w Polskich (cz\u0142onek Zarz\u0105du G\u0142\u00f3wnego\u00a0SNAP), European Association of Archaeologists oraz Mi\u0119dzynarodowej Rady Muze\u00f3w ICOM.\u00a0<br>Zainteresowania badawcze dr. Rafa\u0142a Soleckiego koncentruj\u0105 si\u0119 wok\u00f3\u0142 metodyki\u00a0bada\u0144 archeologicznych, archeologii krajobrazu, prahistorii i historii obszaru po\u0142udniowego wybrze\u017ca Ba\u0142tyku, prahistorii i historii Warszawy oraz ochrony zabytk\u00f3w.<\/p>\n\n\n\n<p><br><\/p>\n","protected":false},"excerpt":{"rendered":"<p>Dr. Rafa\u0142a Soleckiego z Instytutu Archeologii UKSW rekomendowa\u0142o do Rady kadencji 2026-2030 Stowarzyszenie Naukowe Archeolog\u00f3w Polskich. Powo\u0142ania do Spo\u0142ecznej Rady Ochrony Dziedzictwa Kulturowego przy Prezydencie Miasta Sto\u0142ecznego Warszawy wr\u0119czy\u0142 w siedzibie Biura Sto\u0142ecznego Konserwatora Zabytk\u00f3w Micha\u0142 Krasucki, Sto\u0142eczny Konserwator Zabytk\u00f3w. Spo\u0142eczna Rada Ochrony Dziedzictwa Kulturowego przy Prezydencie Miasta Sto\u0142ecznego Warszawy jest cia\u0142em opiniodawczym i pomocniczym [&hellip;]<\/p>\n","protected":false},"featured_media":66337,"parent":0,"menu_order":0,"template":"","meta":{"_acf_changed":false,"inline_featured_image":false,"footnotes":"","_links_to":"","_links_to_target":""},"kategorie_badania_i_nauka":[65],"class_list":["post-66335","badania_i_nauka","type-badania_i_nauka","status-publish","has-post-thumbnail","hentry","kategorie_badania_i_nauka-osiagniecia"],"acf":[],"_links":{"self":[{"href":"https:\/\/uksw.edu.pl\/en\/wp-json\/wp\/v2\/badania_i_nauka\/66335","targetHints":{"allow":["GET"]}}],"collection":[{"href":"https:\/\/uksw.edu.pl\/en\/wp-json\/wp\/v2\/badania_i_nauka"}],"about":[{"href":"https:\/\/uksw.edu.pl\/en\/wp-json\/wp\/v2\/types\/badania_i_nauka"}],"version-history":[{"count":11,"href":"https:\/\/uksw.edu.pl\/en\/wp-json\/wp\/v2\/badania_i_nauka\/66335\/revisions"}],"predecessor-version":[{"id":66349,"href":"https:\/\/uksw.edu.pl\/en\/wp-json\/wp\/v2\/badania_i_nauka\/66335\/revisions\/66349"}],"wp:featuredmedia":[{"embeddable":true,"href":"https:\/\/uksw.edu.pl\/en\/wp-json\/wp\/v2\/media\/66337"}],"wp:attachment":[{"href":"https:\/\/uksw.edu.pl\/en\/wp-json\/wp\/v2\/media?parent=66335"}],"wp:term":[{"taxonomy":"kategorie_badania_i_nauka","embeddable":true,"href":"https:\/\/uksw.edu.pl\/en\/wp-json\/wp\/v2\/kategorie_badania_i_nauka?post=66335"}],"curies":[{"name":"wp","href":"https:\/\/api.w.org\/{rel}","templated":true}]}}

Dr Rafał Solecki powołany do Społecznej Rady Ochrony Dziedzictwa Kulturowego.

<h2 class="wp-block-heading">Dr. Rafała Soleckiego z Instytutu Archeologii UKSW rekomendowało do Rady kadencji 2026-2030 Stowarzyszenie Naukowe Archeologów Polskich.</h2>



<p>Powołania do Społecznej Rady Ochrony Dziedzictwa Kulturowego przy Prezydencie Miasta Stołecznego Warszawy wręczył w siedzibie Biura Stołecznego Konserwatora Zabytków Michał Krasucki, Stołeczny Konserwator Zabytków. </p>



<figure class="wp-block-image"><a class="description-img article-image-magnifier" href="https://um.warszawa.pl/documents/63122/156672342/Rada+rodzinne.jpg/be9f0408-afd6-17fe-c23f-b5c6e7a1a140?version=1.0&amp;t=1775050945397&amp;imagePreview=1"><img decoding="async" src="https://um.warszawa.pl/documents/63122/156672342/Rada+rodzinne.jpg/be9f0408-afd6-17fe-c23f-b5c6e7a1a140?version=1.0&amp;t=1775050945397&amp;imagePreview=1" alt="Rada Ochrony Dziedzictwa Kulturowego kadencji 2026-30" /></a><figcaption class="wp-element-caption">Rada Ochrony Dziedzictwa Kulturowego kadencji 2026/2030</figcaption></figure>



<p>Społeczna Rada Ochrony Dziedzictwa Kulturowego przy Prezydencie Miasta Stołecznego Warszawy jest ciałem opiniodawczym i pomocniczym dla Prezydenta Miasta Stołecznego Warszawy. W skład Rady wchodzą przedstawiciele uczelni oraz organizacji pozarządowych i zawodowych działających na rzecz ochrony zabytków. Członków Rady powołuje Prezydent na okres 4 lat.</p>



<p>Do zakresu działania Rady należy opiniowanie: podstawowych założeń programowych oraz metod realizacji zadań w dziedzinie ochrony dziedzictwa kulturowego Warszawy, dokumentów dotyczących planowania przestrzennego oraz form ochrony zabytków, wytycznych konserwatorskich do konkursów architektonicznych i rzeźbiarskich na koncepcje pomników, miejskich inwestycji o znaczeniu ponadlokalnym, włączania oraz wyłączania wybranych obiektów z gminnej ewidencji zabytków i innych spraw zgłoszonych przez Prezydenta z zakresu ochrony dziedzictwa kulturowego Warszawy.</p>



<p><strong>Dr Rafał Solecki</strong> &#8211; archeolog, absolwent Instytutu Archeologii Uniwersytetu Warszawskiego oraz Instytutu Archeologii i Etnologii Polskiej Akademii Nauk (doktor nauk humanistycznych, rocznik 2016). Od 2016 roku zatrudniony na Uniwersytecie Kardynała Stefana Wyszyńskiego w Instytucie Archeologii. Specjalista w zakresie archeologicznych badań wykopaliskowych z 20-letnim doświadczeniem terenowym, zdobytym na stanowiskach w Polsce i zagranicą (Niemcy, Bułgaria, Chorwacja, Liban). Członek Stowarzyszenia Naukowego Archeologów Polskich (członek Zarządu Głównego SNAP), European Association of Archaeologists oraz Międzynarodowej Rady Muzeów ICOM. <br>Zainteresowania badawcze dr. Rafała Soleckiego koncentrują się wokół metodyki badań archeologicznych, archeologii krajobrazu, prahistorii i historii obszaru południowego wybrzeża Bałtyku, prahistorii i historii Warszawy oraz ochrony zabytków.</p>



<p><br></p>

<p>Dr. Rafała Soleckiego z Instytutu Archeologii UKSW rekomendowało do Rady kadencji 2026-2030 Stowarzyszenie Naukowe Archeologów Polskich. Powołania do Społecznej Rady Ochrony Dziedzictwa Kulturowego przy Prezydencie Miasta Stołecznego Warszawy wręczył w siedzibie Biura Stołecznego Konserwatora Zabytków Michał Krasucki, Stołeczny Konserwator Zabytków. Społeczna Rada Ochrony Dziedzictwa Kulturowego przy Prezydencie Miasta Stołecznego Warszawy jest ciałem opiniodawczym i pomocniczym [&hellip;]</p>
