{"id":67447,"date":"2026-04-27T13:41:59","date_gmt":"2026-04-27T12:41:59","guid":{"rendered":"https:\/\/uksw.edu.pl\/?post_type=badania_i_nauka&#038;p=67447"},"modified":"2026-04-27T13:53:29","modified_gmt":"2026-04-27T12:53:29","slug":"feniks-2026-dla-wydawnictwa-naukowego-uksw","status":"publish","type":"badania_i_nauka","link":"https:\/\/uksw.edu.pl\/en\/badania-i-nauka\/feniks-2026-dla-wydawnictwa-naukowego-uksw\/","title":{"rendered":"Feniks 2026 dla Wydawnictwa Naukowego UKSW"},"content":{"rendered":"\n<h2 class=\"wp-block-heading\">Wydawnictwo Naukowe UKSW otrzyma\u0142o statuetk\u0119 Feniksa w\u00a0kategorii \u201eSeria Wydawnicza\u201d za\u00a0edycj\u0119\u00a0\u201ePism Zebranych\u201d\u00a0siostry Boles\u0142awy Lament podczas tegorocznych Targ\u00f3w Wydawc\u00f3w Katolickich. <\/h2>\n\n\n\n<p>Siostra Boles\u0142awa Lament (1862-1946), za\u0142o\u017cycielka Zgromadzenia Si\u00f3str Misjonarek \u015awi\u0119tej Rodziny (MSF), jest wa\u017cn\u0105 cho\u0107 wci\u0105\u017c niezbyt dobrze znan\u0105 postaci\u0105 polskiego Ko\u015bcio\u0142a. Papie\u017c Jan Pawe\u0142 II\u00a0podczas swej IV Pielgrzymki do\u00a0Ojczyzny w\u00a0czerwcu 1991 roku wpisa\u0142 j\u0105\u00a0w\u00a0poczet polskich b\u0142ogos\u0142awionych, czyni\u0105c z\u00a0niej patronk\u0119 jedno\u015bci i\u00a0gorliwego umacniania wiary w\u015br\u00f3d katolik\u00f3w.<\/p>\n\n\n\n<p>Edycja \u201ePism Zebranych\u201d stanowi nie\u00a0tylko &#8211; w roku, w kt\u00f3rym mija 35 lat od beatyfikacji s. Boles\u0142awy Lament &#8211; podkre\u015blenie roli jednej z\u00a0najdzielniejszych kobiet prze\u0142omu XIX i\u00a0XX wieku. Wpisuje si\u0119 r\u00f3wnie\u017c w\u00a0obchody jubileuszu 120-lecia istnienia samego Zgromadzenia, kt\u00f3rego\u00a0praca apostolska i\u00a0wychowawcza trwa nieprzerwanie od\u00a01905 roku.<\/p>\n\n\n\n<p>Seria \u201eBoles\u0142awa Lament. Pisma Zebrane\u201d jest pierwszym w\u00a0historii opracowaniem krytyczno-naukowym dorobku s. Boles\u0142awy Lament i\u00a0obejmuje zar\u00f3wno dzie\u0142a teologiczne, literackie, jak i\u00a0epistolograficzne. Sk\u0142ada si\u0119 na\u00a0ni\u0105 pi\u0119\u0107 tom\u00f3w, kt\u00f3re zawieraj\u0105 pe\u0142n\u0105 spu\u015bcizn\u0119 pisarsk\u0105 Za\u0142o\u017cycielki Zgromadzenia Si\u00f3str Misjonarek \u015awi\u0119tej Rodziny.<\/p>\n\n\n\n<p>Opracowania naukowego podj\u0105\u0142 si\u0119 zesp\u00f3\u0142 badaczy Uniwersytetu Kardyna\u0142a Stefana Wyszy\u0144skiego. W kierowanym przez dr. \u0141ukasza Cybulskiego zespole znalaz\u0142y si\u0119: dr\u00a0<a>Magdalena Bober-Jankowska, dr\u00a0Magdalena Partyka, dr\u00a0hab. Beata Garlej, dr\u00a0Ewangelina Skali\u0144ska<\/a>.<\/p>\n\n\n\n<p>Wydanie serii \u201eBoles\u0142awa Lament. Pisma Zebrane\u201d by\u0142o cz\u0119\u015bci\u0105 projektu \u201eEdycja krytyczna pism zebranych b\u0142ogos\u0142awionej Boles\u0142awy Lament\u201d realizowanego w\u00a0ramach konkursu \u201eNauka dla Spo\u0142ecze\u0144stwa\u201d, kt\u00f3ry\u00a0by\u0142 finansowany przez\u00a0Ministerstwo Edukacji i\u00a0Nauki i\u00a0(po\u00a0przed\u0142u\u017ceniu) zako\u0144czy\u0142 si\u0119 w\u00a0sierpniu 2025 roku.\u00a0<\/p>\n\n\n\n<p>Na&nbsp;Pisma Zebrane sk\u0142ada si\u0119 5 tom\u00f3w:<\/p>\n\n\n\n<p><strong><a href=\"https:\/\/ksiegarnia.uksw.edu.pl\/ksiegarnia\/1204-boleslawa-lament-sumariusz.html\">(T. I) Sumariusz<\/a>&nbsp;<\/strong>\u2013 oprac. \u0141ukasz Cybuski,<br><a href=\"https:\/\/ksiegarnia.uksw.edu.pl\/ksiegarnia\/1457-boleslawa-lament-dyrektorium-pisma-zebrane-t-ii-cz-1-3-.html\"><strong>(T. II, cz.&nbsp;1, 2, 3) Dyrektorium<\/strong><\/a>&nbsp;\u2013 oprac. Magdalena Bober-Jankowska,<br><strong><a href=\"https:\/\/ksiegarnia.uksw.edu.pl\/ksiegarnia\/1469-boleslawa-lament-proby-literackie-pisma-zebrane-t-iii.html\">(T. III) Pr\u00f3by literackie<\/a>&nbsp;<\/strong>&nbsp;\u2013 oprac. \u0141ukasz Cybuski i&nbsp;Magdalena Partyka,<br><a href=\"https:\/\/ksiegarnia.uksw.edu.pl\/ksiegarnia\/1485-boleslawa-lament-korespondencja-pisma-zebrane-t-iv.html\"><strong>(T. IV) Korespondencja<\/strong><\/a>&nbsp;\u2013 oprac. Beata Garlej,<br><a href=\"https:\/\/ksiegarnia.uksw.edu.pl\/ksiegarnia\/1458-boleslawa-lament-aneks-pisma-zebrane-tv.html\"><strong>(T. V) Aneks<\/strong><\/a>&nbsp;\u2013 oprac. Ewangelina Skali\u0144ska.<\/p>\n","protected":false},"excerpt":{"rendered":"<p>Wydawnictwo Naukowe UKSW otrzyma\u0142o statuetk\u0119 Feniksa w\u00a0kategorii \u201eSeria Wydawnicza\u201d za\u00a0edycj\u0119\u00a0\u201ePism Zebranych\u201d\u00a0siostry Boles\u0142awy Lament podczas tegorocznych Targ\u00f3w Wydawc\u00f3w Katolickich. Siostra Boles\u0142awa Lament (1862-1946), za\u0142o\u017cycielka Zgromadzenia Si\u00f3str Misjonarek \u015awi\u0119tej Rodziny (MSF), jest wa\u017cn\u0105 cho\u0107 wci\u0105\u017c niezbyt dobrze znan\u0105 postaci\u0105 polskiego Ko\u015bcio\u0142a. Papie\u017c Jan Pawe\u0142 II\u00a0podczas swej IV Pielgrzymki do\u00a0Ojczyzny w\u00a0czerwcu 1991 roku wpisa\u0142 j\u0105\u00a0w\u00a0poczet polskich b\u0142ogos\u0142awionych, czyni\u0105c [&hellip;]<\/p>\n","protected":false},"featured_media":67451,"parent":0,"menu_order":0,"template":"","meta":{"_acf_changed":false,"inline_featured_image":false,"footnotes":"","_links_to":"","_links_to_target":""},"kategorie_badania_i_nauka":[],"class_list":["post-67447","badania_i_nauka","type-badania_i_nauka","status-publish","has-post-thumbnail","hentry"],"acf":[],"_links":{"self":[{"href":"https:\/\/uksw.edu.pl\/en\/wp-json\/wp\/v2\/badania_i_nauka\/67447","targetHints":{"allow":["GET"]}}],"collection":[{"href":"https:\/\/uksw.edu.pl\/en\/wp-json\/wp\/v2\/badania_i_nauka"}],"about":[{"href":"https:\/\/uksw.edu.pl\/en\/wp-json\/wp\/v2\/types\/badania_i_nauka"}],"version-history":[{"count":12,"href":"https:\/\/uksw.edu.pl\/en\/wp-json\/wp\/v2\/badania_i_nauka\/67447\/revisions"}],"predecessor-version":[{"id":67464,"href":"https:\/\/uksw.edu.pl\/en\/wp-json\/wp\/v2\/badania_i_nauka\/67447\/revisions\/67464"}],"wp:featuredmedia":[{"embeddable":true,"href":"https:\/\/uksw.edu.pl\/en\/wp-json\/wp\/v2\/media\/67451"}],"wp:attachment":[{"href":"https:\/\/uksw.edu.pl\/en\/wp-json\/wp\/v2\/media?parent=67447"}],"wp:term":[{"taxonomy":"kategorie_badania_i_nauka","embeddable":true,"href":"https:\/\/uksw.edu.pl\/en\/wp-json\/wp\/v2\/kategorie_badania_i_nauka?post=67447"}],"curies":[{"name":"wp","href":"https:\/\/api.w.org\/{rel}","templated":true}]}}

<h2 class="wp-block-heading">Wydawnictwo Naukowe UKSW otrzymało statuetkę Feniksa w kategorii „Seria Wydawnicza” za edycję „Pism Zebranych” siostry Bolesławy Lament podczas tegorocznych Targów Wydawców Katolickich. </h2>



<p>Siostra Bolesława Lament (1862-1946), założycielka Zgromadzenia Sióstr Misjonarek Świętej Rodziny (MSF), jest ważną choć wciąż niezbyt dobrze znaną postacią polskiego Kościoła. Papież Jan Paweł II podczas swej IV Pielgrzymki do Ojczyzny w czerwcu 1991 roku wpisał ją w poczet polskich błogosławionych, czyniąc z niej patronkę jedności i gorliwego umacniania wiary wśród katolików.</p>



<p>Edycja „Pism Zebranych” stanowi nie tylko &#8211; w roku, w którym mija 35 lat od beatyfikacji s. Bolesławy Lament &#8211; podkreślenie roli jednej z najdzielniejszych kobiet przełomu XIX i XX wieku. Wpisuje się również w obchody jubileuszu 120-lecia istnienia samego Zgromadzenia, którego praca apostolska i wychowawcza trwa nieprzerwanie od 1905 roku.</p>



<p>Seria „Bolesława Lament. Pisma Zebrane” jest pierwszym w historii opracowaniem krytyczno-naukowym dorobku s. Bolesławy Lament i obejmuje zarówno dzieła teologiczne, literackie, jak i epistolograficzne. Składa się na nią pięć tomów, które zawierają pełną spuściznę pisarską Założycielki Zgromadzenia Sióstr Misjonarek Świętej Rodziny.</p>



<p>Opracowania naukowego podjął się zespół badaczy Uniwersytetu Kardynała Stefana Wyszyńskiego. W kierowanym przez dr. Łukasza Cybulskiego zespole znalazły się: dr <a>Magdalena Bober-Jankowska, dr Magdalena Partyka, dr hab. Beata Garlej, dr Ewangelina Skalińska</a>.</p>



<p>Wydanie serii „Bolesława Lament. Pisma Zebrane” było częścią projektu „Edycja krytyczna pism zebranych błogosławionej Bolesławy Lament” realizowanego w ramach konkursu „Nauka dla Społeczeństwa”, który był finansowany przez Ministerstwo Edukacji i Nauki i (po przedłużeniu) zakończył się w sierpniu 2025 roku. </p>



<p>Na&nbsp;Pisma Zebrane składa się 5 tomów:</p>



<p><strong><a href="https://ksiegarnia.uksw.edu.pl/ksiegarnia/1204-boleslawa-lament-sumariusz.html">(T. I) Sumariusz</a>&nbsp;</strong>– oprac. Łukasz Cybuski,<br><a href="https://ksiegarnia.uksw.edu.pl/ksiegarnia/1457-boleslawa-lament-dyrektorium-pisma-zebrane-t-ii-cz-1-3-.html"><strong>(T. II, cz.&nbsp;1, 2, 3) Dyrektorium</strong></a>&nbsp;– oprac. Magdalena Bober-Jankowska,<br><strong><a href="https://ksiegarnia.uksw.edu.pl/ksiegarnia/1469-boleslawa-lament-proby-literackie-pisma-zebrane-t-iii.html">(T. III) Próby literackie</a>&nbsp;</strong>&nbsp;– oprac. Łukasz Cybuski i&nbsp;Magdalena Partyka,<br><a href="https://ksiegarnia.uksw.edu.pl/ksiegarnia/1485-boleslawa-lament-korespondencja-pisma-zebrane-t-iv.html"><strong>(T. IV) Korespondencja</strong></a>&nbsp;– oprac. Beata Garlej,<br><a href="https://ksiegarnia.uksw.edu.pl/ksiegarnia/1458-boleslawa-lament-aneks-pisma-zebrane-tv.html"><strong>(T. V) Aneks</strong></a>&nbsp;– oprac. Ewangelina Skalińska.</p>

<p>Wydawnictwo Naukowe UKSW otrzymało statuetkę Feniksa w kategorii „Seria Wydawnicza” za edycję „Pism Zebranych” siostry Bolesławy Lament podczas tegorocznych Targów Wydawców Katolickich. Siostra Bolesława Lament (1862-1946), założycielka Zgromadzenia Sióstr Misjonarek Świętej Rodziny (MSF), jest ważną choć wciąż niezbyt dobrze znaną postacią polskiego Kościoła. Papież Jan Paweł II podczas swej IV Pielgrzymki do Ojczyzny w czerwcu 1991 roku wpisał ją w poczet polskich błogosławionych, czyniąc [&hellip;]</p>
